is divided by 46?
45
Suppose 0 = 7*l + 16 + 89. Suppose -2*o + 1 + 49 = 0. Let c = l + o. What is the remainder when c is divided by 6?
4
Let w be 2230/6 - 30/45. Suppose 37 + w = 6*q. Calculate the remainder when q is divided by 18.
14
Let g(p) = -30*p**3 + p**2 - 3*p - 4. Let q be g(-2). Suppose 5*x = q + 74. What is the remainder when x is divided by 11?
9
Suppose 36*m - 200 = 340. What is the remainder when 491 is divided by m?
11
Let x = 114 - 77. Suppose -2*a - 6 = -4*k - 7*a, 5*k + 5*a - 10 = 0. Suppose -2*f = -k*f + 26. What is the remainder when x is divided by f?
11
Let a(h) = h**3 - 2*h**2 - 3*h + 2. Let x be a(3). Let g = 27 - x. What is the remainder when g is divided by 7?
4
Let i = 82 + -66. Let f be 32/(-6) + (-2)/3. Let r(v) = -7*v + 4. What is the remainder when r(f) is divided by i?
14
Suppose 4*h - 6 = h. Suppose 1 = -h*x + 11. Suppose -x*o = r - 52, -3*r - 5*o = -58 - 48. Calculate the remainder when 53 is divided by r.
26
Suppose -g - 9*r = -6*r - 20, 2*g - 40 = -3*r. What is the remainder when 138 is divided by g?
18
Suppose -108*i + 38*i = -95200. What is the remainder when i is divided by 31?
27
Let s(p) = p**3 - p**2 + 2*p + 12. Let f = 30 - 30. Calculate the remainder when 2/1 - (-19)/1 is divided by s(f).
9
Let k(f) be the first derivative of f**2 + f - 8. Let m be k(7). Suppose d + 2 = m. What is the remainder when d is divided by 5?
3
Let b = -3464 + 3480. Suppose 39 = 5*a + 9. What is the remainder when b is divided by a?
4
Let j(f) = -4*f**3 + f**2 + f - 1. Let s be j(1). Let z be (-2)/s*15*3. Suppose -26 - z = -4*m. Calculate the remainder when m is divided by 8.
6
Let c be (-10)/4*(-3 + 11)/(-4). Suppose -c*n - 2*k + k + 56 = 0, 3*k = 3*n - 30. What is the remainder when 30 is divided by n?
8
Let g = 245 + -231. What is the remainder when 121 is divided by g?
9
Suppose -3*k - 16 = -4. Let o be (-3)/k + 1140/16. Let s = o - 41. What is the remainder when 59 is divided by s?
28
Suppose 19*z - 666 = 474. What is the remainder when z is divided by 16?
12
Suppose 745 = 3*j - 116. What is the remainder when j is divided by 32?
31
Suppose -o + 4*i + 14 = -2, -i - 4 = -2*o. Suppose o = 8*c - 4*c - 204. Let l = 14 + 12. Calculate the remainder when c is divided by l.
25
Let i be (4 + 0 - 5)*3. Calculate the remainder when (-4)/((-4)/(11 + i)) is divided by 3.
2
Let g = -1910 + 2512. Calculate the remainder when g is divided by 12.
2
Let c = 187 - 124. What is the remainder when c is divided by 13?
11
Let v = -298 - -322. What is the remainder when -15*(-3*2 + 0) is divided by v?
18
Let c = -79 - -94. What is the remainder when 15 is divided by (10/c)/((-6)/(-81))?
6
Suppose 63*l - 28461 = 10*l. What is the remainder when l is divided by 30?
27
Let q(m) = -m**3 + 2*m - 1. Let r = 12 + -11. Let i be q(r). Suppose 3*w - 23 = -4*k + 59, -k - w + 21 = i. What is the remainder when 37 is divided by k?
18
Let w = 7 + -2. Suppose -4*x + 3 = -w*x. Calculate the remainder when (30/3 + x)*4 is divided by 8.
4
Suppose -4*u = a - 215, 5*a + 0*u - 1003 = -2*u. Suppose a - 649 = -9*d. Calculate the remainder when d is divided by 27.
23
Suppose 13*c = 18*c - 35. Let u be (-6 + c)*(1 - -3). Suppose -4*z + 167 = n, u*z - 3*n = 3*z + 45. What is the remainder when z is divided by 15?
12
Suppose -i + 4*m + 11 = -2, 0 = 5*m - 15. What is the remainder when 48 is divided by i?
23
Suppose -399 = -8*c - 87. Calculate the remainder when 1401 is divided by c.
36
Let t(d) = d + d**2 + 683 - 694 + 2*d**2. What is the remainder when t(6) is divided by 26?
25
Suppose 2*m - 88 = 64. Suppose -3*u + 57 = 18. Calculate the remainder when m is divided by u.
11
Suppose g - 4 + 3 = -n, -2 = -3*n - 2*g. Suppose n = -4*b + 46 + 6. Suppose 115 = b*p - 8*p. What is the remainder when p is divided by 6?
5
What is the remainder when 358 is divided by (456/(-36) + 14)*(-45)/(-4)?
13
Let i(p) = 13*p**2 + 6*p + 8. Calculate the remainder when 284 is divided by i(-2).
44
Suppose z = 2*r, 33 - 13 = -5*z. Let f(y) = -y + 1. Let g be f(r). Suppose -2*d = -5*c + d + 125, 50 = 2*c - g*d. What is the remainder when c is divided by 9?
7
Let d(i) = -i**2 + 13*i - 32. Let c be d(10). What is the remainder when (8/c - -29)*3 is divided by 20?
15
Let o be (-8)/(-2 - 2)*2. Let i(w) = 10*w. Let r be i(o). Suppose 2*l + 2*l = r. What is the remainder when 18 is divided by l?
8
Let u(k) = k**2 + 27*k - 64. What is the remainder when 95 is divided by u(-30)?
17
Suppose 4*f - 5*v - 41 = 3, 5*f + 2*v = 22. Suppose 1 = i - f. Suppose -3*s + i = -59. Calculate the remainder when 63 is divided by s.
19
Let y(b) = 51*b**2. Let s = -4158 + 4310. What is the remainder when s is divided by y(-1)?
50
Suppose -2499 + 1179 = -5*w. What is the remainder when w is divided by 56?
40
Suppose -4*b + 3*z = -157, 0 = -3*b + 2*b + z + 38. Suppose 2*q - 12 = -4*g + g, 2*g - 16 = -2*q. Calculate the remainder when b is divided by q.
7
Let y be (2 + 2)*134/8. Let z = y + -37. What is the remainder when z is divided by 11?
8
Suppose -j + 0*j - 3*h + 14 = 0, -4*h + 10 = -3*j. Suppose -j*x + 2*w = 5*w - 137, -4*w = -4*x + 264. Calculate the remainder when x is divided by 17.
16
Suppose 0 = -10*x + 13*x + 3. What is the remainder when 65 is divided by x/(-1) - -35 - (-24)/(-8)?
32
Let x = -4499 + 4504. What is the remainder when ((-58)/(-8))/((-4)/(-16)) is divided by x?
4
Let n(g) = 9*g**2 - 4*g - 23. What is the remainder when n(-10) is divided by 115?
112
Suppose 335 = 22*k - 17*k. What is the remainder when k is divided by 29?
9
Suppose -r - 6 = -3*r. Let y be (r - (-3 - 0))/2. Suppose -6*u - 3 = -y*u, -3*s + 13 = -4*u. What is the remainder when 8 is divided by s?
2
Suppose -h - 4*b = 33, 11*b = -4*h + 6*b - 132. Calculate the remainder when (146/(-3))/(22/h) is divided by (-1 + 0)/(2/(-38)).
16
Let y(n) = n**2 - 6*n + 4. Let s(q) = -3*q**2 - 87*q - 146. What is the remainder when s(-27) is divided by y(6)?
0
Suppose 5*z - 77 = -4*k + k, -5*z + 75 = 5*k. What is the remainder when 76 is divided by z?
12
Let s(g) = g**2 + 11. Let w be s(0). Suppose -8*b - 21 = -w*b. Calculate the remainder when (-210)/(-18) - 2/(-6) is divided by b.
5
Let y(c) = -2 + 23 + 4*c - 3*c - 3. Calculate the remainder when 47 is divided by y(-6).
11
Let m(x) be the first derivative of 2*x**3/3 - 3*x**2/2 - 5*x + 10. Let o(c) = -c**3 + 6*c**2 + 5*c - 7. Calculate the remainder when o(5) is divided by m(-3).
21
Let k(d) = 771*d + 17752. Suppose 0 = -b - 3*b - 3*r + 11, b - 20 = 5*r. Calculate the remainder when k(-23) is divided by b.
4
Suppose 2*b - 42 = 5*c, -43 = -2*b - 3*b - 3*c. Calculate the remainder when 31 is divided by b.
9
Suppose 7*h = 2*h + 100. Let n(o) = -2*o**2 - 32*o - 14. Calculate the remainder when h*((-15)/(-2))/5 is divided by n(-15).
14
Suppose -h = -2*w + h - 2, 7 = -4*w + 5*h. Suppose -w*b - 15 = -27. What is the remainder when 20 is divided by b?
2
Suppose 3*o = 6*o - 48. Suppose -o*t + 5 = -11*t. Let a(b) = 3*b**3 - b**2. What is the remainder when a(1) is divided by t?
0
Suppose -106 = -2*z - b + 3*b, -285 = -5*z + b. Let r = -45 + z. Calculate the remainder when 22 is divided by r.
9
Suppose 18 = l + 4. Calculate the remainder when (-16 - (-3 + 4))*(-6 - -3) is divided by l.
9
Let n(g) = 28*g**2 - g. Let f be 1/(-2)*22/33*-6. Suppose 4*r - 3 - 33 = -4*k, -f*k - 4*r = -12. Calculate the remainder when n(-1) is divided by k.
5
Let r = 35 - 33. What is the remainder when r/(-3) - 1095/(-9) is divided by 31?
28
Let a = -1948 + 2232. Calculate the remainder when a is divided by 57.
56
Suppose -33*a + 132 = -27*a. What is the remainder when 207 is divided by a?
9
Let m = -1121 - -1640. What is the remainder when m is divided by 10?
9
Let u = -401 + 408. Let r(a) = a**2 - a + 4. What is the remainder when u is divided by r(0)?
3
Suppose 3*u - 3*w + 9 = 0, -2*u + 4*u - w + 3 = 0. Suppose 12 = -u*k - 3*k. Let a = 6 + k. What is the remainder when 2 is divided by a?
0
Let h = 257 - 170. Suppose 3*y - 98 = -4*q, 4*q + 10*y - 88 = 12*y. What is the remainder when h is divided by q?
18
Let z(b) = 11*b + 1. Suppose 3*q - 3 = 3, 5*f - 5*q + 10 = 0. Suppose f*g = g - 5. What is the remainder when z(1) is divided by g?
2
Let g(d) = -5*d - 33. Let r be g(-7). Suppose -3*z - r*u + 32 + 46 = 0, -41 = -2*z - 5*u. Cal